1).
5, 7
Suppose -3*o - 37 - 5 = 0. What are the prime factors of (o - 4)/(-3) - -398?
2, 101
Let b = 8894 - 5038. Suppose 417*y = 425*y - b. List the prime factors of y.
2, 241
Let k(i) = -i**3 - 6*i**2 - 5*i - 2. Let l be k(-5). Let m be 4*(-1 - (l - 4)). What are the prime factors of ((-5)/m)/((-1)/196)?
7
Let p = -5 + 10. Suppose -p*u = -q + 19, -2*u - 3*u = 3*q + 3. List the prime factors of -4 - (2*-110)/q.
3, 17
Suppose h + 1 = 7. What are the prime factors of 1/3 - (-2608)/h?
3, 5, 29
Let j = 9443 + -4069. What are the prime factors of j?
2, 2687
Let u be 4/6 + (-721)/(-3). Let f = -86 + u. List the prime factors of f.
5, 31
Let y = -12 + 17. Let t be (1179/(-45) - -12)/(1/(-5)). Let w = t - y. What are the prime factors of w?
2, 3, 11
Let k(y) = 10710*y - 11. List the prime factors of k(1).
13, 823
Let f = 865 - 863. What are the prime factors of 20713/44 + 9 + f/8?
2, 3, 5
Let z be (2/(-5))/((-4)/(-480)). Let q = z - -400. Let y = -132 + q. List the prime factors of y.
2, 5, 11
Let h(j) = -56*j**3 - j**2 - 22*j - 32. List the prime factors of h(-7).
3, 6427
Let b be (8/(-10))/(32/(-20) + 2). Let m be 4800/22 + b/33*3. Suppose -5*s + m - 47 = 2*i, 0 = 2*i + 4. What are the prime factors of s?
5, 7
Let c(b) = -14*b + 89. Suppose 187 + 13 = -8*u. List the prime factors of c(u).
439
Let n = -3 - -3. Suppose -x + 8 = 4*h, -4*h + 97 = 2*x + 85. Suppose j + 2*b + b + h = 0, n = -3*j - 2*b + 32. What are the prime factors of j?
2, 7
Let m = 414 + -93. What are the prime factors of -3 + m + 7 + -2?
17, 19
Let r(f) be the first derivative of -118*f**2 - 313*f - 23. List the prime factors of r(-7).
13, 103
Let b = 16015 + -5921. List the prime factors of b.
2, 7, 103
Let m(j) = 64*j**2 - 1. Let u(h) = -h**2 + 12*h - 22. Let r be u(8). Suppose 2*w - z - r = 7*w, -4*w + z = -1. List the prime factors of m(w).
3, 7
Suppose -2280 = 104*a - 105*a. List the prime factors of a.
2, 3, 5, 19
Let s = 921 - 445. Suppose 4*h - w - s = 4*w, -5*w = -3*h + 357. What are the prime factors of h?
7, 17
Suppose 0 = -4*v, 248*v + 699 = 3*k + 249*v. Let n(u) = -2*u - 1. Let j be n(-5). Let x = k - j. List the prime factors of x.
2, 7
List the prime factors of 2/(-20) + 205806/60.
2, 5, 7
List the prime factors of (-192)/(-5)*(-21465)/(-162).
2, 3, 53
List the prime factors of 14370 + 128/8 - (-3 + -1).
2, 5, 1439
Let n(q) = 143*q**2 - 20*q + 37. List the prime factors of n(12).
20389
Let v(x) = -24*x**3 - 5*x**2 + 31*x + 114. What are the prime factors of v(-3)?
2, 3, 13
Let w(q) be the first derivative of q**4/4 + 10*q**3/3 + 7*q**2 - 13*q + 9. Let r be w(-9). Let k = r + 85. List the prime factors of k.
3
What are the prime factors of 5*((-5)/20 + 2571528/160)?
17, 29, 163
Suppose p = -5*v + 17, 3*v - 5*v - 4*p = 4. Suppose 0 = -2*y - 6 - v, -2*n - 1 = -y. List the prime factors of (-232)/(1/(-4 - -3)) - n.
5, 47
Suppose 4*q - 2*t - 57540 = 0, -4*q - 9340 = -t - 66882. What are the prime factors of q?
2, 7193
Let h(x) = 8*x**2 - x - 1. Let q(u) = 17*u**2 - u - 1. Let d(a) = 13*h(a) - 6*q(a). Suppose -4 = -n, -8*l + 4*l - n - 16 = 0. List the prime factors of d(l).
2, 3, 13
Suppose -3*y + 20 + 1 = -4*d, 0 = -5*y - d + 12. Suppose 2*f = y + 3. Suppose f*t + t = 4*j + 644, -3*j = -4*t + 642. What are the prime factors of t?
3, 53
Suppose 5*u = -25, 0 = -4*f + f + u + 125. Let v = 42 - f. Suppose 3*a - 36 = 3*t, 0*a - 31 = -v*a - 5*t. What are the prime factors of a?
13
List the prime factors of (572/(-65)*(-20)/(-24))/((-2)/1977).
11, 659
Suppose 50 = 2*d + 3*d. Suppose -d*b + 168 = 2*b. List the prime factors of (-8)/b + (-2396)/(-28).
5, 17
Let a(c) = -222*c**3 - 3*c**2 + 2*c - 3. Let d be a(2). Let z = d + 2639. List the prime factors of z.
2, 3, 71
Suppose 0 = -t + 31 - 259. Let b = -54 - t. Let g = -122 + b. What are the prime factors of g?
2, 13
Let s(x) = -1. Let d(q) = -5*q + 16. Let z(u) = -d(u) + s(u). Let p be z(13). Suppose 67 = -p*m + 49*m. List the prime factors of m.
67
Suppose -p + 3*v + 4076 = 0, 13*v - 10*v = 5*p - 20356. What are the prime factors of p?
2, 5, 11, 37
Suppose 9*t - 1045 = -118. Suppose 113*c - 3460 = t*c. List the prime factors of c.
2, 173
Suppose 37*c + 4*f + 48838 = 39*c, 3*f + 97646 = 4*c. List the prime factors of c.
24407
Suppose 2*o = -j + 4*o + 10, -4*j - 3*o + 18 = 0. Suppose -11*u + 25806 = j*u. What are the prime factors of u?
2, 3, 11, 23
Suppose 3*w = w + 54. Suppose -1109*i + 1107*i + 24 = 0. Let j = w - i. List the prime factors of j.
3, 5
Suppose n - 6270 = 130. What are the prime factors of n?
2, 5
Let t(d) = 14*d + 122. Let c(u) = -u**3 + 23*u**2 + 6*u - 89. Let l be c(23). List the prime factors of t(l).
2, 101
Suppose -4*t = 3*f + 2237 - 8723, -3*f = -5*t + 8121. Suppose -11*n - m + t = -8*n, -2*n - 3*m + 1082 = 0. List the prime factors of n.
541
Let g(j) = 149*j**2 - 130*j + 212. Let y(i) = 50*i**2 - 43*i + 72. Let o(d) = -2*g(d) + 7*y(d). What are the prime factors of o(2)?
2, 103
Suppose 3*p - 5*p = 110. Let k = -51 - p. Suppose -4*g - k*y + 9*y = -257, 0 = 3*y - 9. List the prime factors of g.
2, 17
What are the prime factors of (-232598)/(-12) - (125/30 + -4)?
3, 7, 13, 71
Let v(r) be the first derivative of -2*r + 2/3*r**3 + 19 - 2*r**2. What are the prime factors of v(-6)?
2, 47
Let s be (-3)/(-2)*10/(-3)*1. Let n(k) = -4*k**3 - 2*k**2 - 2*k - 16. What are the prime factors of n(s)?
2, 3, 37
Suppose -4*u = 5*s + 93, -88 = 4*u - 0*s + 4*s. Let i = u - -17. Suppose i = b + z - 29, 0 = 4*z - 3*z + 5. List the prime factors of b.
2, 17
What are the prime factors of ((-301296)/(36/3))/(3*8/(-12))?
2, 6277
Suppose 79*l + 142*l = 51*l + 9021560. List the prime factors of l.
2, 13267
Suppose -3*s + 20 = -2*s - u, 2*s = 5*u + 49. Let w = s + -14. Suppose w*l + 2*l - 655 = 3*d, -2*l + 5*d + 262 = 0. List the prime factors of l.
131
Let b(o) = -7*o**3 - 12*o**2 - 13*o - 3. What are the prime factors of b(-6)?
3, 5, 7, 11
Suppose -8*g = -7*g - 603. Let y = g - 209. What are the prime factors of y?
2, 197
Suppose u + 5*y = 44721, y = 2 - 5. What are the prime factors of u?
2, 3, 233
Let d be 2/((-30)/14 + 1)*-4. Let j be (1 - 0)*d + -2. Suppose j*a - 49 = 146. What are the prime factors of a?
3, 13
Suppose 23*z - 16372 = 21*z. What are the prime factors of z?
2, 4093
Let i(u) = -27368*u + 957. List the prime factors of i(-3).
3, 11, 839
Let x be (-2746)/((1 - 3) + 57/38). Suppose 21*a - 27247 - x = 0. List the prime factors of a.
1559
Suppose -42 = -4*x - 3*v, -3*v + 6 = -0. Let y be (6*-120)/(x/2 - 5). List the prime factors of 8/28 + y/7.
2, 103
Let q(a) = 15*a**2 - 4*a + 1. Let n be q(-1). What are the prime factors of -6*570*(-5)/n?
3, 5, 19
Suppose 0 = -13*d + 4*d - 135. Let w be (-22)/(-10) + 3/d. What are the prime factors of w - 5/(3 + (-480)/159)?
3, 89
Suppose 2*x + 98 - 74 = 0. Let o = 29 - -88. What are the prime factors of o/(-26)*(0 + x)?
2, 3
Let n(f) = -102*f + 146. Let o = -314 - -307. List the prime factors of n(o).
2, 5, 43
Suppose -3*r = -l - 0*r + 6806, 4*r + 20438 = 3*l. Suppose b = -4*i - 0*b + 5458, -5*i + b = -l. List the prime factors of i.
2, 11, 31
Suppose 21*w - 34640 = 179602. What are the prime factors of w?
2, 5101
Let l be 148 - 9/(-6)*(-16)/(-6). Let v = 227 - l. List the prime factors of v.
3, 5
Suppose 16 = 4*l - 0*l, 4*p + 3*l = 52. Let f be (336/40)/(2/p). What are the prime factors of 1654/16 - f/112?
103
Let j be ((-104)/364)/(1/(-133)). Let p = 115 + j. What are the prime factors of p?
3, 17
Let p = -669 + 702. Suppose 21*g - p*g + 13968 = 0. List the prime factors of g.
2, 3, 97
Let c(f) = -f - 10. Let j be c(-11). Let w be j/(((-4)/(-1))/12). Suppose -2*m + 93 = w*m + 3*o, -m + o = -17. What are the prime factors of m?
2, 3
Suppose 0 = 18*i - 123169 + 20641. List the prime factors of i.
2, 89
Let r(z) = -z**3 + 19*z**2 + 31*z + 20. Let v(i) = -10*i**2 - 15*i - 10. Let u(c) = 2*r(c) + 5*v(c). What are the prime factors of u(-7)?
179
Suppose 222 = 3*x - 4*g, -4*x + 347 = x + g. Suppose 7*t + x = 14*t. Suppose -48 = -q + t. List the prime factors of q.
2, 29
List the prime factors of (-12)/(-3) - 1/(3/(-149439)) - 0.
31, 1607
Let a be (-33378)/(-39) - (-2)/13. Let i = -520 + a. What are the prime factors of i?
2, 3, 7
Let t(h) = 9*h + 4 - 14*h + 10*h + 5. Let w be t(-2). Li